base 5, what is -33 - -2?
-31
In base 10, what is -1517 - -2?
-1515
In base 2, what is 1100001100011 + 10?
1100001100101
In base 14, what is 2 - 33?
-31
In base 14, what is 45 - -1c?
63
In base 3, what is 2010 + 1022?
10102
In base 4, what is -10 + -30133?
-30203
In base 15, what is -10 - -1?
-e
In base 13, what is 9b - 7?
94
In base 13, what is -5 - -5?
0
In base 13, what is 33 + -c?
24
In base 2, what is -10100 - 10011?
-100111
In base 9, what is -4 - 61?
-65
In base 7, what is -340 + -46?
-416
In base 6, what is -252 + 1?
-251
In base 4, what is -113 + -103?
-222
In base 2, what is 100100 + -1011100?
-111000
In base 5, what is 102303 - 0?
102303
In base 13, what is -19a4 - 1?
-19a5
In base 13, what is -48 + -8b?
-106
In base 13, what is -680 - 11?
-691
In base 16, what is -13 - b?
-1e
In base 9, what is 134 - 3?
131
In base 15, what is 1 - 2b?
-2a
In base 6, what is -43542 + -2?
-43544
In base 10, what is -3 - 825?
-828
In base 10, what is -4 + -5?
-9
In base 15, what is -1164 - 4?
-1168
In base 11, what is -3a + -13?
-52
In base 16, what is 5 + -19?
-14
In base 4, what is -1333 + 2212?
213
In base 4, what is -1123 + -11?
-1200
In base 13, what is 128 - 1c?
109
In base 15, what is 40a - 19?
3e1
In base 3, what is -2101202 + 10?
-2101122
In base 16, what is -5 - -28?
23
In base 12, what is -2 + -31?
-33
In base 10, what is -3 + -76?
-79
In base 8, what is 375 + -5?
370
In base 10, what is -31 + 13?
-18
In base 9, what is 35 - -37?
73
In base 5, what is -3 + 130?
122
In base 3, what is 1101002 - -2?
1101011
In base 13, what is 0 - -318?
318
In base 3, what is 11 - -1102?
1120
In base 16, what is 3 + 9?
c
In base 5, what is 1300 + 2?
1302
In base 14, what is 93 + 0?
93
In base 15, what is -21 - -a?
-16
In base 16, what is 2 + -132?
-130
In base 11, what is 21 - -43?
64
In base 13, what is -3 + -19?
-1c
In base 2, what is -1000 - 1011001101?
-1011010101
In base 16, what is -17c + 0?
-17c
In base 7, what is 26 + 541?
600
In base 15, what is -274 + 0?
-274
In base 16, what is 38 + 0?
38
In base 5, what is 1 - 11310?
-11304
In base 16, what is 3 + -18a3?
-18a0
In base 11, what is 5 - -541?
546
In base 6, what is 5 - -1210?
1215
In base 4, what is -10 + 110?
100
In base 13, what is -8 + -4?
-c
In base 10, what is 3 - 18?
-15
In base 13, what is c2 + 3?
c5
In base 6, what is 1 + 225?
230
In base 12, what is -2733 - -4?
-272b
In base 16, what is 1a8 + -5?
1a3
In base 12, what is -5 + -997?
-9a0
In base 5, what is 40012 - 2?
40010
In base 2, what is 10110 + 111011000?
111101110
In base 9, what is -12 + -151?
-163
In base 7, what is -322 - 45?
-400
In base 9, what is -3171 + -3?
-3174
In base 12, what is b6 - 46?
70
In base 4, what is -211 - -2303?
2032
In base 6, what is 1340 + 0?
1340
In base 14, what is 3 - 65?
-62
In base 5, what is -32101 + 3?
-32043
In base 14, what is -b0 + -65?
-135
In base 12, what is -25 - -21?
-4
In base 5, what is 10 + 11?
21
In base 12, what is 140 + -1?
13b
In base 4, what is -201312 + 3?
-201303
In base 5, what is 3 + -24?
-21
In base 13, what is -143b + -5?
-1443
In base 10, what is -2 + 59?
57
In base 10, what is -5 - -852?
847
In base 10, what is -14 - 21?
-35
In base 8, what is -40 + -2?
-42
In base 9, what is -3 + -71?
-74
In base 11, what is -83 - 97?
-16a
In base 16, what is 151 + -32?
11f
In base 11, what is -2 + 1220?
1219
In base 4, what is 2023201 + -10?
2023131
In base 15, what is 3 + 131?
134
In base 10, what is -676 + 7?
-669
In base 11, what is -841a + 5?
-8415
In base 3, what is 2 - -22221?
100000
In base 13, what is -733 + -4?
-737
In base 9, what is 3 + 414?
417
In base 4, what is -2 + -10013?
-10021
In base 12, what is 414 - -a?
422
In base 12, what is -2 + -4?
-6
In base 7, what is -142 - -1?
-141
In base 11, what is 136 - 3?
133
In base 11, what is -9 + -9?
-17
In base 16, what is a - -9?
13
In base 14, what is 279 + 7?
282
In base 4, what is 2030 - 2?
2022
In base 10, what is 3 - 172?
-169
In base 15, what is -7 - -cd9?
cd2
In base 2, what is 0 + -10010011?
-10010011
In base 13, what is 0 + -b24?
-b24
In base 7, what is -4 + 20?
13
In base 7, what is -1 - -1506?
1505
In base 7, what is -20 - 1532?
-1552
In base 8, what is -5 - -3?
-2
In base 13, what is -250 + -8?
-258
In base 14, what is -177 - 19?
-192
In base 16, what is 2c7 - -1?
2c8
In base 3, what is -120 + -21?
-211
In base 16, what is 2 - 54d?
-54b
In base 3, what is -211 - -2200?
1212
In base 4, what is -1 - 311?
-312
In base 5, what is 2 - 122?
-120
In base 3, what is -1012102201 + -2?
-1012102210
In base 13, what is -77 - 2?
-79
In base 4, what is -11 + -320?
-331
In base 2, what is -1000011100100 - 101?
-1000011101001
In base 14, what is -1 - 90d?
-910
In base 2, what is 1110 + -10010000?
-10000010
In base 8, what is 2 - 104?
-102
In base 5, what is -444 - -312?
-132
In base 7, what is -1 + 30244?
30243
In base 8, what is 2 + -24?
-22
In base 9, what is 14 - -21?
35
In base 3, what is 2 - 120?
-111
In base 10, what is 18 + -14?
4
In base 12, what is 156 + 12?
168
In base 11, what is -20 + -604?
-624
In base 13, what is 4 + -386?
-382
In base 12, what is 0 + -b28?
-b28
In base 4, what is 11 - 1112?
-1101
In base 12, what is 3b - -25?
64
In base 13, what is -1 - 26a9?
-26aa
In base 14, what is -7 + 4c?
45
In base 13, what is -8ab + -4?
-8b2
In base 3, what is -1 + 100200?
100122
In base 16, what is -11 - 15?
-26
In base 12, what is -71 - -1?
-70
In base 15, what is 0 + 546?
546
In base 13, what is -4 - -765?
761
In base 6, what is -4 - 25?
-33
In base 6, what is 34 + 5?
43
In base 16, what is 12 + 33?
45
In base 10, what is -8 + 78?
70
In base 10, what is 3 - -288?
291
In base 12, what is 3aa + -4?
3a6
In base 4, what is 20 - 2?
12
In base 3, what is -1001221120 - -1?
-1001221112
In base 12, what is 3 + -120?
-119
In base 8, what is 1321 - 0?
1321
In base 10, what is -8 + 459?
451
In base 6, what is 413 + -3?
410
In base 16, what is -2 - 8?
-a
In base 14, what is 0 + 55?
55
In base 4, what is 1110200 + -11?
1110123
In base 2, what is -11110110100 + 101?
-11110101111
In base 6, what is -140 - 10?
-150
In base 14, what is 198 - 4?
194
In base 10, what is 10 - -37?
47
In base 16, what is -2 - 77?
-79
In base 14, what is 2 - 31?
-2d
In base 6, what is 10040 - -3?
10043
In base 9, what is 1 - 413?
-412
In base 2, what is 11 + 1010110?
1011001
In base 6, what is -101311 + 2?
-101305
In base 14, what is 5 - 35?
-30
In base 6, what is 51 + -12?
35
In base 2, what is 101 + -11001000?
-11000011
In base 13, what is 7 - 237?
-230
In base 14, what is -b + 32?
25
In base 16, what is f + -60?
-51
In base 13, what is 0 - -a?
a
In base 3, what is -2112 - -11?
-2101
In base 9, what is -7 + 65?
57
In base 12, what is -3 + 16a?
167
In base 11, what is -43 + -a7?
-13a
In base 12, what is 3 - 112?
-10b
In base 4, what is 230 + 11?
301
In base 13, what is -5 + -c4?
-c9
In base 8, what is -11 - -610?
577
In base 15, what is 11 + -3c?
-2b
In base 3, what is 10022 - 10121?
-22
In base 3, what is 11122021 + 2?
11122100
In base 7, what is 6 + 202?
211
In base 12, what is 34 - -1?
35
In base 7, what is 6 - -53?
62
In base 13, what is -1 - 2096?
-2097
In base 12, what is 0 + -8b?
-8b
In base 12, what is -499 - 2?
-49b
In base 16, what is 17 + -48?
-31
In base 3, what is 11 + -1122?
-1111
In base 2, what is 0 - -1011000?
1011000
In base 3, what is 20220 - -1?
20221
In base 8, what is 3032 + 4?
3036
In base 3, what is 12 - 112?
-100
In base 15, what is d3 - 5?
cd
In base 6, what is 42 + -21?
21
In base 11, what is -7 + 1129?
1122
In base 10, what is 1 + -98?
-97
In base 4, what is 102320 - 11?
102303
In base 16, what is -4ffc + -4?
-5000
In base 8, what is -23020 - -5?
-23013
In base 16, what is -1 - -a?
9
In base 12, what is 1 + 224?
225
In base 16, what is 1c9 - a?
1bf
In base 13, what is 1 - -93?
94
In base 10, what is -137 - -2?
-135
In base 9, what is -108 + -1?
-110
In base 13, what is 85c - 4?
858
In base 6, what is -42051 + 5?
-42042
In base 13, what is 4 - 409?
-405
In base 7, what is 1 - 156?
-155
In base 7, what is -105 + -405?
-513
In base 7, what is -134 + 0?
-134
In base 14, what is 296 + 5?
29b
In base 7, what is -4 + -1006?
-1013
In base 7, what is -13 - 0?
-13
In base 16, what is -c + -173?
-17f
In base 5, what is -1044 - -4?
-1040
In base 7, what i